{"id":5,"date":"2018-05-10T19:18:25","date_gmt":"2018-05-10T19:18:25","guid":{"rendered":"http:\/\/www.funsui.ch\/?page_id=5"},"modified":"2023-04-04T15:00:46","modified_gmt":"2023-04-04T15:00:46","slug":"praxis-funsui-dafina-ganz","status":"publish","type":"page","link":"https:\/\/www.funsui.ch\/","title":{"rendered":"Praxis Funsui \u2013 Dafina Ganz"},"content":{"rendered":"<p><a href=\"http:\/\/www.funsui.ch\/wp-content\/uploads\/2018\/05\/2L1A2542-1.jpg\"><img loading=\"lazy\" decoding=\"async\" class=\"alignnone size-large wp-image-13\" src=\"http:\/\/www.funsui.ch\/wp-content\/uploads\/2018\/05\/2L1A2542-1-1024x683.jpg\" alt=\"\" width=\"840\" height=\"560\" srcset=\"https:\/\/www.funsui.ch\/wp-content\/uploads\/2018\/05\/2L1A2542-1-1024x683.jpg 1024w, https:\/\/www.funsui.ch\/wp-content\/uploads\/2018\/05\/2L1A2542-1-300x200.jpg 300w, https:\/\/www.funsui.ch\/wp-content\/uploads\/2018\/05\/2L1A2542-1-768x512.jpg 768w, https:\/\/www.funsui.ch\/wp-content\/uploads\/2018\/05\/2L1A2542-1-1200x800.jpg 1200w\" sizes=\"auto, (max-width: 709px) 85vw, (max-width: 909px) 67vw, (max-width: 1362px) 62vw, 840px\" \/><\/a><\/p>\n<p>Shiatsu, Fussreflexzonen, Schr\u00f6pfen- und Chinesische Heilmassage mit \u00d6l,\u00a0 Dauernadeln sowie Akupressur.<\/p>\n<figure id=\"attachment_6\" aria-describedby=\"caption-attachment-6\" style=\"width: 232px\" class=\"wp-caption alignnone\"><a href=\"http:\/\/www.funsui.ch\/wp-content\/uploads\/2018\/05\/DafinaGanz-232x300.jpg\"><img loading=\"lazy\" decoding=\"async\" class=\"size-full wp-image-6\" src=\"http:\/\/www.funsui.ch\/wp-content\/uploads\/2018\/05\/DafinaGanz-232x300.jpg\" alt=\"\" width=\"232\" height=\"300\" \/><\/a><figcaption id=\"caption-attachment-6\" class=\"wp-caption-text\">Dafina Ganz<\/figcaption><\/figure>\n<p>Herzlich willkommen in der Praxis Funsui.<\/p>\n<p>W\u00e4hrend 15 Jahren habe ich mir ein grosses Wissen auf der<br \/>\nBasis westlicher und fern\u00f6stlicher Heilkunde angeeignet sowie<br \/>\nmich in der Traditionellen Chinesischen Medizin (TCM) ausbilden<br \/>\nlassen.<br \/>\nIch freue mich auf Sie und danke Ihnen f\u00fcr Ihr Vertrauen in meine Behandlung.<\/p>\n<p>Dafina Ganz<br \/>\nDipl. Komplement\u00e4r Medizinische Therapeutin (EMR anerkannt)<br \/>\nPraxis Funsui<br \/>\nKreuzstrasse 2, 8712 St\u00e4fa<br \/>\nMontag bis Freitag, jeweils von 10 Uhr bis 19 Uhr<\/p>\n<p><a href=\"tel:+41798648490\">Mobile: 079 864 84 90<\/a><\/p>\n<p>Email:\u00a0<a href=\"mailto:info@funsui.ch\">info@funsui.ch<\/a><\/p>\n<h3>Meine Ausbildungen<\/h3>\n<p>Meine Ausbildungen sind vom EMR anerkannt, die Behandlungen werden somit von den meisten Krankenkassen-Zusatzversicherungen bezahlt. Jede Behandlungsdauer betr\u00e4gt 60 Minuten.<\/p>\n<p><strong>Meine Diplome<\/strong><\/p>\n<ul>\n<li>Dipl. Shiatsu Therapeutin &#8211; 4-j\u00e4hrige Ausbildung<\/li>\n<li>Dipl. Shiatsu Ganzk\u00f6rpermassage nach TCM \/ Traditionell Chinesischer Medizin<\/li>\n<li>Dipl. Schulmedizinische Ausbildung: Anatomie, Physiologie, Pathologie<\/li>\n<li>Dipl. in Klassischer und Sportmassage &#8211; auch f\u00fcr Therapeutische Anwendung &#8211; Anatomie, Physiologie, Pathologie<\/li>\n<li>Dipl. Fussreflexzone &#8211; Klassische und nach TCM &#8211; Anatomie, Physiologie, Pathologie<\/li>\n<\/ul>\n<p><strong>Weiterbildung<\/strong><\/p>\n<ul>\n<li>TCM<\/li>\n<li>Schock und Trauma mit Shiatsu behandeln<\/li>\n<li>Muskuloskelettale Behandlung mit westl. &amp; \u00f6stlicher Medizin<\/li>\n<li>Ern\u00e4hrung nach TCM<\/li>\n<li>Meridianverl\u00e4ufe nach TCM, erweiterte Akupunkturpunkte<\/li>\n<li>Zangfu &#8211; Das Organsystem der Chinesischen Medizin<\/li>\n<\/ul>\n<p><strong>Etwas \u00fcber mich<\/strong><\/p>\n<p>Ich bin fast blind, und habe noch 1% Visus. Ich sehe und sp\u00fcre mit den H\u00e4nden und Ohren, und habe ein gepr\u00e4gtes Gesp\u00fcr f\u00fcr Menschen. Ich lebe zusammen mit meinem Partner und mit meinem Blindenf\u00fchrhund.<\/p>\n<p>Meine Hobbies sind:<\/p>\n<ul>\n<li>Musik<\/li>\n<li>Singen im Chor<\/li>\n<li>H\u00f6rb\u00fccher<\/li>\n<li>In der Natur sein<\/li>\n<\/ul>\n<h3>Behandelbare Beschwerden<\/h3>\n<ul>\n<li>Kopfschmerzen Migr\u00e4ne<\/li>\n<li>Nacken und Schulterschmerzen<\/li>\n<li>Schleudertrauma<\/li>\n<li>Verspannungen und Schmerzen am R\u00fccken<\/li>\n<li>Schlafst\u00f6rungen<\/li>\n<li>Stress<\/li>\n<li>Blockaden<\/li>\n<li>Unruhe<\/li>\n<li>K\u00f6rperwahrnehmungsst\u00f6rungen<\/li>\n<li>Hexenschuss<\/li>\n<li>Beschwerden an Bein, Knie und F\u00fcssen<\/li>\n<li>Burnout<\/li>\n<li>Depression<\/li>\n<li>Schock und Trauma<\/li>\n<li>Erg\u00e4nzung zu Psychotherapie<\/li>\n<\/ul>\n<p>F\u00fcr Fragen stehe ich gerne zur Verf\u00fcgung. Ich freue mich Sie zu behandeln.<\/p>\n<h3>Was ist Shiatsu<\/h3>\n<p>Was ist Shiatsu (deutsch Fingerdruck, shi=finger atsu=Druck)? Shiatsu ist eine K\u00f6rperarbeit, eine ganzheitliche manuelle Heilmethode.\u00a0Diese wurde in Japan entwickelt, basierend auf der traditionellen chinesischen Medizin stammenden Meridianlehre und der Lehre der f\u00fcnf Wandlungsphasen (5 Elemente Lehre). Welche in der Ostasiatischen Medizin schon vor 2000 bis 3000 Jahren angewandt wurde. Das Grundprinzip von Shiatsu ist: Den Energiefluss im K\u00f6rper anzuregen, Blockaden aufzul\u00f6sen, und die lebendigen Energiestr\u00f6me in Balance zu bringen. Die folgende bildliche Beschreibung soll die Erkl\u00e4rungen unterst\u00fctzen: Wie in Wasserreichen Umgebungen Fl\u00fcsse und Kan\u00e4le das Land durchziehen, Orte und St\u00e4dte verbinden, und als Wasserstrassen zum Transport von G\u00fctern ben\u00fctzt werden (in der Schweiz sind das Eisenbahnlinien) so ist unser K\u00f6rper von Kan\u00e4len, Blut &#8211; Nerverbahnen und str\u00f6menden Lebensenergie (Meridianen) durchzogen. Dieses System muss durchl\u00e4ssig sein, damit Blut, Informationen, Lebenskraft (Qi) zirkulieren k\u00f6nnen. Zur Erhaltung von Leben und Gesundheit muss das Ganze System in einer Einheit und Harmonie funktionieren, die inneren Organe als Funktionseinheiten, welche den k\u00f6rperlichen Geistigen und Seelischen Bereich umfassen und verbinden, m\u00fcssen in dynamisch einheitlich und ausgewogener Wechselwirkung stehen. Treten von aussen zu grosse Belastungen f\u00fcr den Organismus auf, bedingt durch Stress, Anspannung falsche K\u00f6rperhaltung, ungesunde Lebensweise, mentale, psychische oder emotionale Probleme, stagniert die Energie in den Meridianen. Muskeln verspannen sich, die Blutzirkulation wird gest\u00f6rt, die nervlichen Steuerzentren geraten in Turbulenzen, der Stoffwechsel wird tr\u00e4ge, die Versorgung der Organe mit Lebenskraft \u00fcber die Meridiane, welche f\u00fcr das Organgeflecht wie Schlagadern wirken, f\u00e4llt weg. Die durch diese Disharmonie ausgel\u00f6sten Schmerzen und Beschwerden, rufen nach Hilfe. Die Shiatsu Heilmethode bietet sich an.<\/p>\n<p>Als erstes muss herausgefunden werden, wo die Blockade liegt. Von mir als Therapeutin wird Achtsamkeit, Offenheit, Sensibilit\u00e4t, sorgf\u00e4ltige Beobachtung und ein intuitives Verstehen gefordert. Die Therapiearbeit beginnnt sozusagen an den Wurzeln der Existenz des Patienten. W\u00e4hrend der Patient auf der Behandlungsliege liegt, arbeite ich geduldig und mit einf\u00fchlsahmen H\u00e4nden entlang der betroffenen Meridian Linien. Gibt Shiatsu und W\u00e4rme tief nach innen, verweilt bei einzelnen Akupunkturpunkten (Japanisch tsubos). Bewegung geschieht. Wo Energie bewegt wird, reagiert Materie, sie kann nicht anders als der Bewegung zu folgen. \u00a0W\u00e4hrend ich mit Daumen, Fingern, Handfl\u00e4chen und Ellenbogen sanften Druck auf die menschliche Haut aus\u00fcbt, durch Dehnungen des Gewebes Raum gibt, behandelt er innere St\u00f6rungen, bringt Energiestr\u00f6me in Balance, regt direkt oder indirekt Nervenbahnen an, bringt Blut zum zirkulieren und aktiviert die dem Menschen inne Wohnenden nat\u00fcrlichen Heilkr\u00e4fte. Die Arbeit wirkt stimulierend (tonisierend), st\u00e4rkend, belebend, regulierend, beruhigend (sedierend), je nach den aktuellen individuellen Bed\u00fcrfnissen des K\u00f6rpers.\u00a0 Ausser der Pflege der Meridiane befasst sich Shiatsu auch mit der Korrektur und Unterst\u00fctzung des Knochenbaus, Gelenken, Sehnen und Muskeln. Shiatsu ist f\u00fcr alle Altersstufen geeignet. Leben heisst im Fluss sein. Wenn alles fliesst schwimmt Krankheit davon.<\/p>\n<p><a href=\"http:\/\/www.funsui.ch\/wp-content\/uploads\/2018\/05\/2L1A2525-1.jpg\"><img loading=\"lazy\" decoding=\"async\" class=\"alignnone size-large wp-image-8\" src=\"http:\/\/www.funsui.ch\/wp-content\/uploads\/2018\/05\/2L1A2525-1-1024x683.jpg\" alt=\"\" width=\"840\" height=\"560\" srcset=\"https:\/\/www.funsui.ch\/wp-content\/uploads\/2018\/05\/2L1A2525-1-1024x683.jpg 1024w, https:\/\/www.funsui.ch\/wp-content\/uploads\/2018\/05\/2L1A2525-1-300x200.jpg 300w, https:\/\/www.funsui.ch\/wp-content\/uploads\/2018\/05\/2L1A2525-1-768x512.jpg 768w, https:\/\/www.funsui.ch\/wp-content\/uploads\/2018\/05\/2L1A2525-1-1200x800.jpg 1200w\" sizes=\"auto, (max-width: 709px) 85vw, (max-width: 909px) 67vw, (max-width: 1362px) 62vw, 840px\" \/><\/a><\/p>\n<p><a href=\"http:\/\/www.funsui.ch\/wp-content\/uploads\/2018\/05\/2L1A2538-2.jpg\"><img loading=\"lazy\" decoding=\"async\" class=\"alignnone size-large wp-image-11\" src=\"http:\/\/www.funsui.ch\/wp-content\/uploads\/2018\/05\/2L1A2538-2-1024x683.jpg\" alt=\"\" width=\"840\" height=\"560\" srcset=\"https:\/\/www.funsui.ch\/wp-content\/uploads\/2018\/05\/2L1A2538-2-1024x683.jpg 1024w, https:\/\/www.funsui.ch\/wp-content\/uploads\/2018\/05\/2L1A2538-2-300x200.jpg 300w, https:\/\/www.funsui.ch\/wp-content\/uploads\/2018\/05\/2L1A2538-2-768x512.jpg 768w, https:\/\/www.funsui.ch\/wp-content\/uploads\/2018\/05\/2L1A2538-2-1200x800.jpg 1200w\" sizes=\"auto, (max-width: 709px) 85vw, (max-width: 909px) 67vw, (max-width: 1362px) 62vw, 840px\" \/><\/a><\/p>\n","protected":false},"excerpt":{"rendered":"<p>Shiatsu, Fussreflexzonen, Schr\u00f6pfen- und Chinesische Heilmassage mit \u00d6l,\u00a0 Dauernadeln sowie Akupressur. Herzlich willkommen in der Praxis Funsui. W\u00e4hrend 15 Jahren habe ich mir ein grosses Wissen auf der Basis westlicher und fern\u00f6stlicher Heilkunde angeeignet sowie mich in der Traditionellen Chinesischen Medizin (TCM) ausbilden lassen. Ich freue mich auf Sie und danke Ihnen f\u00fcr Ihr Vertrauen &hellip; <a href=\"https:\/\/www.funsui.ch\/\" class=\"more-link\"><span class=\"screen-reader-text\">\u201ePraxis Funsui \u2013 Dafina Ganz\u201c<\/span> weiterlesen<\/a><\/p>\n","protected":false},"author":1,"featured_media":0,"parent":0,"menu_order":0,"comment_status":"closed","ping_status":"closed","template":"","meta":{"footnotes":""},"class_list":["post-5","page","type-page","status-publish","hentry"],"_links":{"self":[{"href":"https:\/\/www.funsui.ch\/index.php?rest_route=\/wp\/v2\/pages\/5","targetHints":{"allow":["GET"]}}],"collection":[{"href":"https:\/\/www.funsui.ch\/index.php?rest_route=\/wp\/v2\/pages"}],"about":[{"href":"https:\/\/www.funsui.ch\/index.php?rest_route=\/wp\/v2\/types\/page"}],"author":[{"embeddable":true,"href":"https:\/\/www.funsui.ch\/index.php?rest_route=\/wp\/v2\/users\/1"}],"replies":[{"embeddable":true,"href":"https:\/\/www.funsui.ch\/index.php?rest_route=%2Fwp%2Fv2%2Fcomments&post=5"}],"version-history":[{"count":31,"href":"https:\/\/www.funsui.ch\/index.php?rest_route=\/wp\/v2\/pages\/5\/revisions"}],"predecessor-version":[{"id":71,"href":"https:\/\/www.funsui.ch\/index.php?rest_route=\/wp\/v2\/pages\/5\/revisions\/71"}],"wp:attachment":[{"href":"https:\/\/www.funsui.ch\/index.php?rest_route=%2Fwp%2Fv2%2Fmedia&parent=5"}],"curies":[{"name":"wp","href":"https:\/\/api.w.org\/{rel}","templated":true}]}}